n 433662692 is divided by 761?
754
What is the remainder when 401599 is divided by 36506?
33
What is the remainder when 12379091 is divided by 1473?
1472
Calculate the remainder when 447538 is divided by 2981.
388
Calculate the remainder when 327540 is divided by 25194.
18
What is the remainder when 16121444 is divided by 97?
44
Calculate the remainder when 28313056 is divided by 3367.
3320
What is the remainder when 2240953 is divided by 25173?
556
What is the remainder when 185976 is divided by 2462?
1326
What is the remainder when 56646243 is divided by 1358?
1347
Calculate the remainder when 5157310 is divided by 1289.
21
What is the remainder when 48752831 is divided by 12?
11
Calculate the remainder when 301318 is divided by 11588.
30
What is the remainder when 26771 is divided by 112?
3
Calculate the remainder when 29185631 is divided by 28.
27
What is the remainder when 1087553 is divided by 1087526?
27
What is the remainder when 11109896 is divided by 90?
26
What is the remainder when 245942 is divided by 122970?
2
What is the remainder when 1071267 is divided by 3096?
51
Calculate the remainder when 288553 is divided by 143.
122
What is the remainder when 20951 is divided by 342?
89
What is the remainder when 10209244 is divided by 2181?
2164
Calculate the remainder when 133449 is divided by 1343.
492
Calculate the remainder when 20910184 is divided by 710.
684
Calculate the remainder when 198070 is divided by 2114.
1468
What is the remainder when 36932615 is divided by 196450?
15
What is the remainder when 271863 is divided by 5660?
183
Calculate the remainder when 938160 is divided by 156349.
66
Calculate the remainder when 235306880 is divided by 139648.
0
What is the remainder when 298160 is divided by 9657?
8450
What is the remainder when 39899518 is divided by 1080?
1078
Calculate the remainder when 175672543 is divided by 5666856.
7
Calculate the remainder when 41206824 is divided by 108439.
4
What is the remainder when 478791 is divided by 926?
49
Calculate the remainder when 6610 is divided by 6482.
128
Calculate the remainder when 765657 is divided by 15313.
7
What is the remainder when 1101099 is divided by 410?
249
What is the remainder when 240122 is divided by 47964?
302
What is the remainder when 7054 is divided by 3206?
642
What is the remainder when 2107876 is divided by 160?
36
What is the remainder when 62301329 is divided by 31150634?
61
What is the remainder when 45871258 is divided by 30?
28
Calculate the remainder when 107267 is divided by 53182.
903
Calculate the remainder when 20375730 is divided by 669.
666
What is the remainder when 16289566 is divided by 6?
4
Calculate the remainder when 127366719 is divided by 16.
15
What is the remainder when 257285 is divided by 18370?
105
Calculate the remainder when 466070 is divided by 717.
20
What is the remainder when 12273130 is divided by 3068268?
58
What is the remainder when 1356048 is divided by 33?
12
Calculate the remainder when 2418508 is divided by 32.
12
Calculate the remainder when 583699 is divided by 334.
201
Calculate the remainder when 1238169 is divided by 619035.
99
What is the remainder when 55425710 is divided by 55425697?
13
Calculate the remainder when 84456 is divided by 1080.
216
What is the remainder when 777744 is divided by 12737?
787
Calculate the remainder when 308945444 is divided by 11.
5
What is the remainder when 42164269 is divided by 154?
147
Calculate the remainder when 52082 is divided by 26037.
8
Calculate the remainder when 7942786 is divided by 733.
731
Calculate the remainder when 70951353 is divided by 27.
24
What is the remainder when 1849551 is divided by 184948?
71
What is the remainder when 38211 is divided by 6362?
39
Calculate the remainder when 703784 is divided by 22699.
115
What is the remainder when 188676 is divided by 5540?
316
What is the remainder when 162677 is divided by 40414?
1021
What is the remainder when 209693 is divided by 24?
5
What is the remainder when 1154067 is divided by 9?
6
What is the remainder when 6063664 is divided by 29?
25
Calculate the remainder when 132840789 is divided by 2887842.
57
What is the remainder when 122555 is divided by 13599?
164
What is the remainder when 401200 is divided by 133484?
748
What is the remainder when 101070 is divided by 12562?
574
What is the remainder when 295424 is divided by 58862?
1114
Calculate the remainder when 7438157 is divided by 640.
77
Calculate the remainder when 1506098 is divided by 3.
2
Calculate the remainder when 951735 is divided by 258.
231
What is the remainder when 747945 is divided by 45?
0
What is the remainder when 1302876 is divided by 3162?
132
What is the remainder when 3369094 is divided by 97?
90
Calculate the remainder when 127380237 is divided by 497579.
13
What is the remainder when 3627004 is divided by 298?
46
What is the remainder when 95730 is divided by 9096?
4770
Calculate the remainder when 6401201 is divided by 706.
605
What is the remainder when 102801 is divided by 3095?
666
What is the remainder when 91049292 is divided by 12205?
12197
What is the remainder when 17856054 is divided by 20619?
0
What is the remainder when 17392249 is divided by 20318?
41
What is the remainder when 227154 is divided by 2443?
2398
Calculate the remainder when 771122 is divided by 58.
12
Calculate the remainder when 321309 is divided by 321258.
51
What is the remainder when 1507595 is divided by 53?
10
What is the remainder when 4802274 is divided by 480222?
54
Calculate the remainder when 46313 is divided by 118.
57
What is the remainder when 77949 is divided by 2882?
135
Calculate the remainder when 5460150 is divided by 910023.
12
What is the remainder when 72765 is divided by 205?
195
Calculate the remainder when 9363121 is divided by 4.
1
What is the remainder when 4884344 is divided by 1628113?
5
What is the remainder when 443316 is divided by 443178?
138
What is the remainder when 7624900 is divided by 1236?
16
What is the remainder when 258233 is divided by 64551?
29
Calculate the remainder when 27792863 is divided by 264.
263
What is the remainder when 212009 is divided by 11007?
2876
What is the remainder when 63880 is divided by 4918?
4864
What is the remainder when 64100033 is divided by 281?
280
Calculate the remainder when 4934655 is divided by 41122.
15
What is the remainder when 2617987 is divided by 22?
9
What is the remainder when 4079511 is divided by 103?
93
Calculate the remainder when 154116 is divided by 38508.
84
Calculate the remainder when 75611 is divided by 13698.
7121
What is the remainder when 113783470 is divided by 1175?
1170
What is the remainder when 213262 is divided by 1172?
1130
What is the remainder when 463823 is divided by 274?
215
What is the remainder when 2531805 is divided by 7558?
7433
Calculate the remainder when 562663 is divided by 818.
697
Calculate the remainder when 464486399 is divided by 5670.
5669
Calculate the remainder when 791983 is divided by 37713.
10
Calculate the remainder when 1661565338 is divided by 181.
180
What is the remainder when 28711329 is divided by 355?
349
What is the remainder when 2099542 is divided by 7290?
22
Calculate the remainder when 11501334 is divided by 226.
194
Calculate the remainder when 54676174 is divided by 55.
14
What is the remainder when 1404788 is divided by 351179?
72
What is the remainder when 124498571 is divided by 92?
31
Calculate the remainder when 836771 is divided by 556.
547
Calculate the remainder when 22300318 is divided by 8.
6
Calculate the remainder when 142928 is divided by 15636.
2204
Calculate the remainder when 1046297 is divided by 29.
6
What is the remainder when 5465212 is divided by 607243?
25
What is the remainder when 13343 is divided by 2559?
548
Calculate the remainder when 1115500972 is divided by 12944.
12940
Calculate the remainder when 1057033 is divided by 33032.
9
What is the remainder when 26944324 is divided by 254?
4
What is the remainder when 714085 is divided by 119006?
49
What is the remainder when 2607783 is divided by 62090?
3
Calculate the remainder when 207152 is divided by 2466.
8
Calculate the remainder when 1037280 is divided by 1271.
144
What is the remainder when 2944378 is divided by 1194?
1